*k. Let a = 10 - 6. Let n = c - a. Is n prime?
False
Suppose -x + 3*x - 26 = 4*i, 4*i + x + 41 = 0. Let o = -3 - i. Is 2/o - (-760)/6 a composite number?
False
Suppose 19 = -5*v + 314. Suppose 2*g + 53 = 4*j - 45, -2*j + v = -3*g. Is j prime?
False
Let x = 430 - 123. Is x composite?
False
Let w(h) = h**3 + 2*h**2. Let p be w(-2). Suppose p*j + 5*j = 10. Suppose -57 = -j*i + 17. Is i composite?
False
Let m = 1 + -1. Suppose m = 4*k - 52 - 72. Is k a prime number?
True
Suppose z + z = 2*a - 4, 5*z - 20 = -a. Suppose z*s - 136 = -s. Suppose t + 4*f = 2*t - 30, -2*f = 3*t - s. Is t composite?
True
Suppose 0 = 5*g - 1 - 14. Suppose 5*q + 2 = -2*j, 2*q + 2*q + g = -3*j. Suppose q = 3*i + 6, 4*i - 2 = 3*b - 40. Is b composite?
True
Let h(d) = -d - 12. Let j be h(-6). Let f be (8/j)/((-12)/234). Let y = -15 + f. Is y composite?
False
Suppose 3*q - 17 = x, -4*q = -3*x + q - 31. Let z be (1 + 4/x)*8. Let p(o) = -14*o - 6. Is p(z) composite?
True
Let v(c) = c**3 + 5*c + 2. Let j be v(4). Let z = j - 51. Is z a prime number?
False
Let g(k) = 17*k - 15. Let j be ((-9)/(-5))/(27/90). Is g(j) composite?
True
Is (-2661)/(-6) - ((-10)/4)/(-5) composite?
False
Suppose 5*i = 2*l - l - 20, l - 20 = -4*i. Is l/(-10) + (-942)/(-2) a composite number?
True
Let i(p) = p**3 - 6*p**2 + 2*p + 2. Let l be 4*-1 + 11 + 0. Is i(l) a composite number?
True
Let f be (-22)/6 + 2/3. Let w = 7 - f. Is w a composite number?
True
Let b(h) = -3*h - 9*h**2 - 3*h**3 + 0*h**3 + 2*h**3 - 5 - 4*h. Is b(-9) composite?
True
Let m(v) = 185*v**2. Suppose -3*x + 8*x - 3*g = -8, 0 = -5*x + 5*g - 10. Is m(x) a composite number?
True
Let s(i) = i**2 - 8*i + 8. Let h be s(7). Let l be (1 - h) + 3 + 272. Suppose -5*z + l = 5*c, 74 = 3*c - 5*z - 75. Is c prime?
True
Let a(w) = -w**2 - 6*w + 3 + 7*w**2 + w**3 - 1. Let j be a(-7). Let t(d) = d**3 + 7*d**2 + 6*d - 6. Is t(j) prime?
False
Is 8/24 + 12602/3 a prime number?
True
Suppose -582 = 3*v - 5*j + 533, 5*j = 5*v + 1865. Let t = v + 578. Is t composite?
True
Let t = -55 + 70. Is t prime?
False
Let o(r) = -27*r + 19. Let d(p) = -27*p + 19. Let v(s) = 3*d(s) - 2*o(s). Let f(m) = 13*m - 9. Let n(h) = 5*f(h) + 2*v(h). Is n(6) composite?
False
Suppose 68 = 2*y - 5*q + 2, 11 = y + 3*q. Let u = y - -24. Is u a composite number?
False
Let r(b) = 23*b**2 - b + 5. Is r(2) composite?
True
Let r = 18 - -14. Let o = r + -49. Let q = 20 - o. Is q composite?
False
Suppose 0 = -g - 4*g - 30. Let m = g - -13. Let b = m + 60. Is b a composite number?
False
Let b be ((-3)/6)/((-2)/24). Let q = b - 4. Is (0 - q)*(-98)/4 a composite number?
True
Let i(m) be the third derivative of -1/24*m**4 + 0*m + 3/20*m**5 + 1/120*m**6 + 5/3*m**3 - 2*m**2 + 0. Is i(-9) prime?
True
Let b be -3 + (9/3)/3. Let z(r) = 2*r - 2. Let w be z(b). Is w/(-27) - (-248)/18 prime?
False
Let z(w) = 110*w**2 - 4*w - 3. Let q be z(-2). Suppose 0 = m + 4*m - q. Is m a composite number?
False
Suppose z = -3*z - 40. Is 8/(-20) - 134/z a prime number?
True
Let l = -10 - -40. Suppose -l = -5*t + 2*t. Is t*(-3 - (-57)/6) composite?
True
Suppose 6 = -0*f - 2*f, -4*m + 3*f + 517 = 0. Is m composite?
False
Let u = -334 - -491. Is u composite?
False
Let n(k) = -7*k - 5. Let r be (-14)/4 - 5/10. Is n(r) a prime number?
True
Let w(p) = 2*p**3 - 7*p**2 + 3*p + 7. Suppose 5 = -3*z - 3*x + 44, -3*z - x + 43 = 0. Suppose 3*f + 0*f + 6 = 0, 5*f - z = -5*q. Is w(q) a composite number?
False
Suppose -i - 123 + 316 = 0. Suppose 2*s - 953 = -5*p, -s + i = p - 3*s. Is p a composite number?
False
Let c(q) = -q - 8. Let p be c(-8). Suppose -j + 4*j + 5*t - 252 = p, -5*j + 2*t + 389 = 0. Is j prime?
True
Let r = -4 + 7. Suppose 3*d - 117 = -r*v, -3*d + 0*v + 4*v + 82 = 0. Is d composite?
True
Let k(x) = 2*x**3 - 3*x**2 - 5*x - 7. Is k(8) a prime number?
False
Let g(w) = 3*w**3 - 5*w**2 + 8*w - 13. Is g(4) composite?
False
Let y = -12 - -17. Suppose 0 = 2*h + 5*d - 0*d - 87, -5*h - y*d = -180. Is h prime?
True
Suppose 0*w - 4 = -w. Suppose -5*p + 30 = 5*c, -w*c - 20 = -7*c - p. Suppose c*b - 2*b = 75. Is b a composite number?
True
Let s = 1 - 0. Suppose 7 = -4*p - 5*t - s, -3*p + 3*t = -21. Suppose -115 = -3*o + 6*l - 2*l, -3*o = -p*l - 114. Is o a prime number?
True
Suppose -10*d - 53 = -15163. Is d a prime number?
True
Suppose h = 5*q - 7, 0 = -2*h - 3*h + 2*q + 11. Let o(w) = 0*w**3 + 7*w**2 + 4 - 5*w**3 - w + 4*w**3. Is o(h) composite?
False
Let c be ((-9 - -1) + 1)*-2. Let g = c + 477. Suppose 103 = -4*t + g. Is t composite?
False
Let m = -4 + 5. Let s be 1/m*(-46)/2. Let x = 42 + s. Is x a prime number?
True
Is 959/42 + 2/12 composite?
False
Suppose 0 = -2*c + 58 + 28. Let x = c - 20. Is x prime?
True
Suppose 0*u - g + 2 = u, 4*g = 3*u - 20. Suppose -u*y + 5*y - 5*x = 431, 0 = -2*y + 4*x + 880. Is y a prime number?
False
Suppose 5*o + 2*t + 1880 = 646, 5*o + 5*t = -1240. Let f = o - -359. Is f a composite number?
False
Let l be -3 + 1 + 2 + -1. Let y = 4 + l. Suppose y*x = 5*x - 586. Is x a prime number?
True
Let q = -6 - -7. Is q + -3 - (-88 + 1) prime?
False
Let h(w) = 2*w + 89. Is h(0) a prime number?
True
Suppose 2*y = 4*g + 148 + 58, -501 = -5*y + 3*g. Suppose 0 = -b + 1, -2*f - 3*b + 14 = -y. Is f prime?
False
Let t = 947 - 454. Is t prime?
False
Let w(u) = -u**3 - 6*u**2 - 5. Let v be w(-6). Suppose -3*f - 736 = f. Is f/(-10)*v/(-2) composite?
True
Suppose -7 - 7 = -2*y - 4*i, y - 4*i = -5. Suppose 0 = -5*v - 5, -y*b + 1 = 6*v - 4*v. Suppose 0 = 2*p - 23 + b. Is p a prime number?
True
Let r(k) = -2*k**3 - 4*k**2 + k - 1. Let p be r(-5). Suppose -4*v + 514 = 3*n + p, -5*n = -2*v + 198. Is v a prime number?
False
Let c(n) = -47*n - 5. Suppose 8*p - 7*p = -8. Is c(p) prime?
False
Let l(g) = g**2 + 4*g + 4. Let q be l(-5). Suppose -5*f = -2*f - q. Suppose -4*w = -f*t + 2*t - 386, 2*w = 2*t + 190. Is w a prime number?
True
Suppose 0 = 5*p - 4*f - 13509, -2*p + 3647 = -3*f - 1751. Is p a composite number?
True
Suppose d - 1719 = 1874. Is d composite?
False
Suppose -4*j + 4205 = -359. Is j composite?
True
Is -251*-3*(-3)/(-9) a prime number?
True
Let i = -12 + 5. Let k = 6 + i. Is (5 - 62)*k/3 a composite number?
False
Suppose -2*b = 3*b + 4*a - 1667, 0 = -a - 2. Is b composite?
True
Let p(b) = b**2 + 2*b + 7. Is p(-8) prime?
False
Suppose 0 = h - 3*h + 6. Let w(q) = -q + 8 - h*q - q + q**2. Is w(7) a prime number?
False
Let a = -6 + 10. Suppose -49 = -a*y + 2*j - 7, 5*y - 5*j - 40 = 0. Is y composite?
False
Let u(f) = -37*f - 2. Let s be u(-8). Let r = s + -1. Is r a composite number?
False
Suppose 5*s + 2*j - 1647 = 0, 3*j - 309 = 4*s - 1645. Is s composite?
False
Let r(a) = -12*a + 7. Suppose 5*g = -29 - 1. Is r(g) composite?
False
Is -11*106*((-1)/2)/1 composite?
True
Is 3/((-12)/(-16)) - -418 composite?
True
Let s = -2381 + 4018. Is s composite?
False
Suppose -4*j = -11*j + 651. Is j composite?
True
Let o = 123 + -57. Suppose 0*y = -3*y + o. Is y prime?
False
Let n(k) = 103*k**2 - 5*k - 1. Is n(-3) a composite number?
False
Let r = 3 + -1. Suppose r*m + 4 = -0*m. Is (1/m)/(1/(-46)) a prime number?
True
Let s = -3 - -2. Let t be (166 - -3)/(s + 0). Is t/(-9) + 6/27 composite?
False
Suppose -72 = 4*d - 2*d. Is 27/d - 526/(-8) composite?
True
Let m(p) = -p**3 - 2*p**2 - 2*p - 1. Let z be m(-2). Suppose 2 = -z*q + 20. Suppose a - 2*j = 365, a + 1869 = q*a + j. Is a a prime number?
True
Let h(t) = 4 + 8*t - 1 - 6 - 1. Let w be h(4). Is (-1519)/w*-1*4 a prime number?
False
Let k(i) = 10*i**2 + 5*i + 3. Let a be k(-5). Suppose 7*t - a = t. Is t composite?
True
Suppose a + 70 = -2*c + 683, -2*a = -2. Suppose c = 3*j - 57. Is j prime?
False
Let x be ((-6)/(1 + -2))/1. Let b = 10 - x. Suppose 0 = -b*o - 16, 3*v - o = -0*o + 235. Is v a prime number?
False
Let a = 12 - -13. Is a prime?
False
Suppose 5*o - 2 = -7, o - 446 = -3*i. Is i composite?
False
Suppose -4*t - 4*x + 480 = 0, 4*t - 479 = x - 6*x. Suppose -v + 42 + t = 0. Is v prime?
True
Suppose -4*j - 2*w - 16872 = 0, j + 16868 = -3*j - 3*w. Is -2*(j/(-8))/(-5) prime?
True
Is 1/(-2) + (-2)/(16/(-17228)) composite?
False
Suppose q = -0*q + 3. Suppose -u - 2*g = 2*g + 88, q*u + 315 = 5*g. Let o = 213 + u. Is o composite?
False
Suppose 3*m = -2*m + 260. Let o be (148/8)/(3/(-6)). Let d = o + m. Is d a prime number?
False
Let v(j) = 37 + 7 - 7 + j**3 + j. Let p be (-